{"id":203,"date":"2023-01-02T21:12:13","date_gmt":"2023-01-02T20:12:13","guid":{"rendered":"http:\/\/localhost\/?page_id=203"},"modified":"2023-01-14T15:10:31","modified_gmt":"2023-01-14T14:10:31","slug":"predchadzajuca-cinnost-rz","status":"publish","type":"page","link":"https:\/\/www.rzgagls.sk\/?page_id=203","title":{"rendered":"Predch\u00e1dzaj\u00faca \u010dinnos\u0165 RZ"},"content":{"rendered":"<p><a href=\"https:\/\/www.rzgagls.sk\/wp-content\/uploads\/2023\/01\/ZAPISNICA.pdf\" target=\"_blank\" rel=\"noopener\">Z\u00e1pisnica 29.09.2022<\/a><\/p>\n<p><a href=\"https:\/\/www.rzgagls.sk\/wp-content\/uploads\/2023\/01\/program-zasadnutia-SRRZ-RZ.pdf\" target=\"_blank\" rel=\"noopener\">Program zasadnutia SRRZ-RZ 13.12.2022<\/a><\/p>\n<p><a href=\"https:\/\/www.rzgagls.sk\/wp-content\/uploads\/2023\/01\/zapisnica-c.2.pdf\" target=\"_blank\" rel=\"noopener\">Z\u00e1pisnica 13.12.2022<\/a><\/p>\n","protected":false},"excerpt":{"rendered":"<p>Z\u00e1pisnica 29.09.2022 Program zasadnutia SRRZ-RZ 13.12.2022 Z\u00e1pisnica 13.12.2022<\/p>\n","protected":false},"author":1,"featured_media":0,"parent":0,"menu_order":0,"comment_status":"closed","ping_status":"closed","template":"","meta":{"footnotes":""},"class_list":["post-203","page","type-page","status-publish","hentry"],"_links":{"self":[{"href":"https:\/\/www.rzgagls.sk\/index.php?rest_route=\/wp\/v2\/pages\/203","targetHints":{"allow":["GET"]}}],"collection":[{"href":"https:\/\/www.rzgagls.sk\/index.php?rest_route=\/wp\/v2\/pages"}],"about":[{"href":"https:\/\/www.rzgagls.sk\/index.php?rest_route=\/wp\/v2\/types\/page"}],"author":[{"embeddable":true,"href":"https:\/\/www.rzgagls.sk\/index.php?rest_route=\/wp\/v2\/users\/1"}],"replies":[{"embeddable":true,"href":"https:\/\/www.rzgagls.sk\/index.php?rest_route=%2Fwp%2Fv2%2Fcomments&post=203"}],"version-history":[{"count":3,"href":"https:\/\/www.rzgagls.sk\/index.php?rest_route=\/wp\/v2\/pages\/203\/revisions"}],"predecessor-version":[{"id":274,"href":"https:\/\/www.rzgagls.sk\/index.php?rest_route=\/wp\/v2\/pages\/203\/revisions\/274"}],"wp:attachment":[{"href":"https:\/\/www.rzgagls.sk\/index.php?rest_route=%2Fwp%2Fv2%2Fmedia&parent=203"}],"curies":[{"name":"wp","href":"https:\/\/api.w.org\/{rel}","templated":true}]}}